test common divisor of 349 and 1578527.
349
What is the greatest common divisor of 174212 and 2716?
388
What is the highest common divisor of 3806 and 319?
11
What is the highest common factor of 402 and 25996?
134
What is the greatest common factor of 18600 and 480?
120
Calculate the greatest common factor of 110750 and 1750.
250
Calculate the highest common factor of 6894 and 144.
18
Calculate the highest common divisor of 30126 and 192.
6
Calculate the highest common divisor of 264 and 61116.
132
What is the greatest common divisor of 7872 and 19904?
64
What is the greatest common divisor of 82 and 2441345?
41
What is the highest common factor of 14 and 1632806?
14
What is the greatest common factor of 684 and 900?
36
Calculate the greatest common factor of 712763 and 383.
383
What is the highest common divisor of 1032600 and 400?
200
Calculate the greatest common divisor of 8787 and 11919.
87
Calculate the greatest common divisor of 96360 and 55.
55
What is the greatest common factor of 4250 and 295900?
50
What is the greatest common divisor of 1875717 and 351?
27
What is the highest common factor of 336 and 35067984?
336
What is the highest common divisor of 1185 and 50086?
79
Calculate the greatest common divisor of 18656 and 33.
11
Calculate the greatest common divisor of 3148 and 30693.
787
What is the highest common factor of 443739 and 177?
177
Calculate the greatest common divisor of 26125 and 1000.
125
Calculate the highest common divisor of 435552 and 8424.
312
Calculate the greatest common factor of 2695450 and 47.
47
Calculate the highest common divisor of 15434 and 6.
2
Calculate the greatest common divisor of 978462 and 76.
38
Calculate the highest common divisor of 105542 and 1130.
226
What is the highest common factor of 25 and 182675?
25
What is the greatest common factor of 24 and 867?
3
What is the greatest common factor of 8580 and 528?
132
What is the highest common divisor of 505 and 2840?
5
What is the highest common divisor of 369 and 263343?
123
Calculate the highest common divisor of 56550 and 29.
29
What is the greatest common divisor of 8370 and 97278?
186
Calculate the greatest common divisor of 972 and 7018164.
324
Calculate the greatest common factor of 249179 and 14.
7
What is the highest common factor of 30 and 91910?
10
What is the highest common factor of 1250480 and 385?
385
Calculate the highest common factor of 220 and 15895.
55
Calculate the greatest common factor of 3707 and 209.
11
Calculate the greatest common divisor of 66 and 3555321.
33
Calculate the greatest common divisor of 55405 and 35.
35
Calculate the greatest common factor of 123865 and 1785.
35
Calculate the greatest common factor of 29779 and 1535.
307
What is the greatest common divisor of 551 and 63829?
29
Calculate the highest common factor of 8514 and 1089.
99
Calculate the greatest common factor of 14742 and 15957.
81
Calculate the greatest common factor of 2242 and 3154.
38
Calculate the greatest common factor of 30407 and 221.
13
Calculate the greatest common factor of 324413 and 583.
53
What is the greatest common divisor of 55363 and 1438?
719
What is the greatest common factor of 94 and 3241402?
94
Calculate the greatest common divisor of 286 and 717750.
22
Calculate the highest common divisor of 362 and 725629.
181
Calculate the greatest common factor of 106835 and 6503.
929
What is the greatest common divisor of 175 and 164275?
25
Calculate the highest common divisor of 4624 and 640.
16
Calculate the greatest common factor of 6009 and 144.
3
What is the greatest common divisor of 4741440 and 176?
176
What is the greatest common divisor of 1233 and 9585?
9
What is the greatest common factor of 141750 and 4350?
150
Calculate the greatest common factor of 78 and 106.
2
What is the greatest common factor of 52229 and 261?
29
Calculate the highest common factor of 12765 and 333.
111
What is the highest common factor of 3317470 and 130?
130
What is the greatest common factor of 114038 and 589?
19
What is the highest common divisor of 2468 and 108?
4
What is the highest common factor of 315 and 313047?
63
Calculate the highest common factor of 108700 and 100.
100
What is the greatest common divisor of 4457 and 12?
1
Calculate the highest common factor of 847 and 49280.
77
Calculate the highest common divisor of 5922 and 1841.
7
Calculate the highest common factor of 25524 and 90.
18
Calculate the highest common divisor of 209387 and 41.
41
What is the highest common factor of 52 and 5160246?
26
Calculate the highest common divisor of 335313 and 54.
27
What is the highest common divisor of 9 and 237471?
3
Calculate the greatest common factor of 5037 and 3657.
69
What is the highest common divisor of 3 and 216939?
3
What is the greatest common factor of 14304 and 599874?
894
Calculate the greatest common divisor of 2000 and 940.
20
What is the highest common divisor of 817 and 172?
43
What is the highest common factor of 1011955 and 35?
35
What is the greatest common factor of 222 and 939282?
222
Calculate the highest common factor of 4821 and 3.
3
Calculate the greatest common divisor of 1012 and 2709124.
1012
What is the greatest common factor of 1633 and 75463?
23
Calculate the greatest common factor of 2768 and 267458.
346
Calculate the greatest common divisor of 19383 and 132132.
273
What is the highest common divisor of 42444 and 524?
524
What is the highest common divisor of 392448 and 224?
224
What is the highest common factor of 75 and 699285?
15
Calculate the highest common divisor of 7686 and 20923.
427
What is the greatest common factor of 18255 and 405?
15
What is the greatest common factor of 21823 and 19625?
157
Calculate the highest common factor of 285 and 59375.
95
Calculate the highest common divisor of 3244 and 1763925.
811
What is the highest common factor of 683568 and 216?
72
Calculate the highest common divisor of 15764 and 581.
7
Calculate the highest common divisor of 36034 and 91342.
838
Calculate the greatest common divisor of 6280 and 504.
8
Calculate the greatest common factor of 93432 and 816.
408
Calculate the greatest common divisor of 9 and 3413700.
9
Calculate the greatest common divisor of 500 and 83500.
500
What is the greatest common factor of 2040 and 1479?
51
What is the highest common factor of 9 and 41649?
3
What is the highest common factor of 13247 and 117?
13
What is the highest common factor of 102764 and 3726?
46
Calculate the highest common divisor of 8050 and 2737.
161
Calculate the greatest common divisor of 2053728 and 2016.
288
What is the highest common divisor of 352 and 39490?
22
Calculate the highest common divisor of 135 and 648.
27
Calculate the highest common factor of 149730 and 1953.
651
What is the greatest common divisor of 1232 and 196?
28
What is the highest common factor of 3591 and 3439?
19
What is the greatest common factor of 196 and 3360?
28
What is the highest common divisor of 253 and 917378?
253
Calculate the highest common factor of 1530 and 6324.
102
Calculate the greatest common divisor of 26581 and 171.
19
What is the greatest common factor of 333 and 342?
9
Calculate the greatest common factor of 897760 and 160.
160
What is the greatest common divisor of 74252 and 475?
19
What is the highest common factor of 5286 and 5315073?
2643
What is the greatest common divisor of 192649 and 4527?
503
Calculate the highest common divisor of 28 and 806876.
28
What is the highest common factor of 1189503 and 8848?
553
What is the greatest common divisor of 48336 and 513?
57
What is the greatest common divisor of 899 and 116?
29
Calculate the greatest common divisor of 8200 and 11800.
200
Calculate the highest common divisor of 280582 and 106.
106
Calculate the highest common factor of 31395 and 35.
35
Calculate the greatest common factor of 388548 and 1255.
251
Calculate the greatest common factor of 134 and 401129.
67
What is the greatest common divisor of 28062 and 18?
18
Calculate the greatest common factor of 23 and 474421.
23
What is the greatest common divisor of 772 and 2057573?
193
Calculate the greatest common factor of 32 and 5346048.
32
Calculate the highest common divisor of 5499 and 3744.
117
What is the highest common factor of 1920 and 3049600?
640
Cal